atest common divisor of q and i?
66
Suppose 3*w = 5*r + 71, r + 123 = -1326*w + 1330*w. Suppose 532 = 3*c - 140. Calculate the greatest common factor of c and w.
32
Let f be (-18)/((-35)/(-30)*(-18)/(-28)). Let m = 366 + f. Calculate the highest common factor of m and 36.
18
Let k be 48/6 + (-6 - (-403)/13). What is the greatest common factor of k and 902?
11
Suppose 0 = -2*p + 3*s + 6, -3*p - 9*s = -5*s - 9. Suppose v - 234 = -p. Calculate the greatest common factor of 21 and v.
21
Let g(s) = 10*s + 2. Let n be g(0). Let v be 10 + n*(-2 + 1). Calculate the greatest common factor of 8 and v.
8
Let x = -2810 + 3756. What is the greatest common factor of 154 and x?
22
Suppose -3*v - 2146 = -10*v - 67. Calculate the highest common factor of 198 and v.
99
Let d = 5795 - 1469. Calculate the highest common divisor of 42 and d.
42
Let f(s) = 2*s**2 + 24*s + 75. Let m be f(-3). Let j be (26/(-8) - -1)*-252. What is the greatest common factor of j and m?
21
Let j = -449 - -699. Let x be (0 + 75/5)/(15/100). What is the highest common factor of j and x?
50
Suppose 264*s = 261*s + 4*t + 6315, -2*s = 4*t - 4230. Calculate the highest common divisor of 456 and s.
57
Let h be 1299/(-15) - 4/10. Let q = h - -88. Let c be 4/(-16) + 45/4. Calculate the greatest common factor of c and q.
1
Suppose 7*l = 228 + 122. Let w be 7 + 12/10*l/20. What is the highest common divisor of 130 and w?
10
Let c = 20548 - 19960. Calculate the highest common divisor of c and 1148.
28
Let d be (2 + (-6)/4)*2. Let q(g) = 2*g + 63. Let m be q(-22). Let x(o) = o - 11. Let n be x(m). What is the greatest common factor of n and d?
1
Let z(o) = 2*o**2 - 12*o. Let c be z(8). Suppose -13*a = -273 + 117. Calculate the highest common divisor of a and c.
4
Let m(h) = -2*h**3 - 24*h**2 + 25*h - 13. Let w be m(-13). Suppose w*o + 21 = o - d, 4*o + 3*d = 119. What is the highest common divisor of 39 and o?
13
Let y = -56 + 78. Suppose 18*o = 8*o - 1770. Let q = o + 331. What is the highest common factor of q and y?
22
Let f = 1183 - -510. Suppose -5*n + 2206 = -2*i + 495, 0 = 5*n + 4*i - f. Let w = -7 + 38. What is the highest common divisor of w and n?
31
Let t be (-22)/(-4) - (9 + (-51)/6). Suppose 152 + 783 = t*w. What is the highest common divisor of w and 34?
17
Let h = 3580 - 3252. What is the greatest common divisor of h and 205?
41
Let u be (6 - 3) + (0 - 1). Let l(a) = 4*a - 17*a**u + a**3 + 13 - 9 - 12. Let z be l(17). What is the greatest common divisor of z and 24?
12
Let v be ((-310)/(-10))/(36/(-572) + 8/52). What is the highest common factor of 825 and v?
11
Suppose 3*b + y = 9400, -17*b + 12524 = -13*b - y. What is the greatest common factor of b and 81?
27
Suppose 5*k - f = 266901, 4*f + 399463 = 5*k + 132589. Calculate the highest common factor of 42 and k.
42
Suppose 3*l + 68 = 5*x, 5*l - 2*x = -48 - 40. Let w = l + 63. Suppose -3*s = w - 182. What is the greatest common divisor of s and 27?
9
Let f(u) = 90*u**2 + 976*u - 44. Let t be f(-11). Let r be (-10)/(10/6 + -2). What is the highest common factor of r and t?
10
Let y be 211662/20 + (-221)/2210. What is the greatest common divisor of y and 38?
19
Suppose 4*d - 740 = 11*z - 16*z, 4*z = -3*d + 556. Calculate the greatest common divisor of d and 2460.
60
Let t = 6 + -6. Suppose 0 = q + d - 32, 6*d - 4*d + 8 = t. Let o = -526 + 544. Calculate the greatest common factor of q and o.
18
Let q(r) = 2*r**2 + 171*r - 197. Let h be q(-87). What is the highest common divisor of h and 72?
8
Let i be 4/16 - 7/(-4). Let o be (-10)/(-8)*i*-2. Let x be (-3906)/(-35) + (-2)/o. Calculate the highest common divisor of 7 and x.
7
Let a(z) = 58*z - 1298. Let v be a(23). What is the highest common divisor of v and 12?
12
Suppose 0*d + 3*r = 4*d - 116, -4*r - 87 = -3*d. Let q(x) = 10*x + 562. Let t be q(-33). What is the greatest common factor of d and t?
29
Let c(u) = -14*u + 4. Let p be 1/((-5)/2 + 2). Let q be c(p). Let d be 11/33*(3 - -237). Calculate the greatest common divisor of d and q.
16
Suppose 14*a + 45 = 29*a. What is the greatest common divisor of a and 561?
3
Let d(r) = 34*r + 98. Let i be d(15). Suppose 35*q - 582 - i = 0. What is the highest common divisor of q and 153?
17
Let a = -454 + 313. Let l = a + 289. What is the greatest common factor of 111 and l?
37
Suppose 0 = -12*x + 7*x + 525. Let r = 219 - x. Calculate the greatest common divisor of r and 76.
38
Let l be (-37)/(629/(-170))*(-22)/(-5). Calculate the highest common factor of l and 550.
22
Suppose -5*f - 5*z = 14 + 31, -75 = 5*f - z. Let r = f - -41. Let y be r - (3 - (-1 + 2)). Calculate the greatest common factor of y and 75.
25
Suppose 16*q - 18*q = -4. Suppose -f - 2 - 1 = -5*k, 0 = -q*k - 4*f + 10. Let n be 1378/26 + k/((-2)/2). What is the greatest common factor of 78 and n?
26
Let c be (-36)/(-8)*(-5 - -1798 - 1). What is the greatest common factor of c and 63?
63
Suppose -4*z + 74 = -238. Suppose 30*q - 7410 = -8*q. Calculate the highest common divisor of q and z.
39
Let a = -15414 + 16338. What is the highest common factor of a and 2387?
77
Let p be -2*(-1 + 50/(-4)). Let d = -650262 - -650298. What is the greatest common divisor of d and p?
9
Suppose 125*w - 115*w - 3520 = 0. Let p be ((-2288)/w)/(10/(-8) - -1). Calculate the highest common divisor of 117 and p.
13
Suppose z - 96 = -7*z. Let t be (-36)/(-8)*(-6)/(-9). Suppose t*i = 101 + 7. What is the greatest common factor of i and z?
12
Suppose -4*r - 5*a - 800 = 0, 2*r - a = -2*r - 800. Let o = r - -208. Calculate the greatest common factor of o and 8.
8
Let j(s) = -34*s**2 + 3*s + 6. Let b be j(-3). Let l = -252 - b. Suppose -2*y = -17 - 21. Calculate the greatest common factor of y and l.
19
Suppose 0 = 3*r - x + 239, 2*x = -5 + 3. Let i = -1 + 4. Let k be 3 + i/((-15)/r). Calculate the highest common factor of 19 and k.
19
Let i = 517 - 502. Let l = 75 - i. Calculate the highest common factor of l and 24.
12
Suppose -a + 2*a + 491 = 3*z, 20 = -4*a. Suppose z = -4*x + 486. Let j = x - 25. Calculate the highest common factor of 7 and j.
7
Let x(j) = j**3 - 45*j**2 + 46*j - 81. Let t be x(44). Suppose 0 = t*f + 823 - 5548. What is the greatest common factor of 54 and f?
27
Let p be (-876)/(-22) + (-2)/(-11). Suppose p = 9*w + 4. Suppose -a + 5 = 0, -n - w*a + 5*a + 26 = 0. Calculate the highest common factor of n and 124.
31
Let h = -7 + 15. Suppose -11*s + 470 = -1466. Let t = s - 172. What is the highest common divisor of t and h?
4
Let t be 5 + (-912 + -3)/(-3). Suppose 0 = -356*r + 351*r + t. What is the highest common divisor of r and 4?
2
Let h be ((1 - -436)/(0 + 2))/(1465/2930). Calculate the highest common divisor of 190 and h.
19
Let v(c) = 11*c + 44. Let z(n) = 3*n + 11. Let u(a) = -2*v(a) + 9*z(a). Let h be u(3). What is the highest common factor of 234 and h?
26
Suppose -22*f - 5*f = -54. Let u be (-12)/(-42) + 4467/21 + f. Calculate the greatest common divisor of 129 and u.
43
Let l(n) = -2*n + 2. Let f be l(-7). Let s = -12 + f. Suppose 5*q - 111 = -3*c + 6*c, -3*q + s*c + 60 = 0. Calculate the highest common factor of q and 16.
8
Suppose 4*r = 3*q + 578, -2*q + 2*r - 248 - 134 = 0. Let l = -162 - q. Calculate the highest common factor of l and 3.
3
Let r(j) = 338*j - 1154. Let b be r(10). Calculate the highest common factor of b and 84.
42
Let t be 2688/432 - 2/9. Let w = -59 - -107. Calculate the highest common factor of w and t.
6
Let u(q) = -q**2 - 19*q + 9. Let g(m) = -11*m**2 + 4*m - 2. Let d be g(1). Let o be u(d). What is the highest common factor of 44 and o?
11
Suppose -6222 = -21*w + 272 + 14380. What is the greatest common divisor of w and 710?
142
Let l = -27 + 77. Let i = 150 + -89. Suppose -i*d = -66*d + 150. Calculate the highest common divisor of d and l.
10
Suppose 77*p + 12*p = 22428. What is the greatest common factor of 60 and p?
12
Suppose -17*o + 15*o + 5*q = -193, 0 = 2*q - 2. Let r = o - 70. What is the highest common factor of 29 and r?
29
Suppose -3*h - 2*m = -785, -38*m + 35*m = 15. Calculate the greatest common divisor of 424 and h.
53
Let y = 3045 + -2950. Suppose 0 = -4*u - 14 - 6. Let r be 722/y - 2/u. What is the greatest common divisor of 104 and r?
8
Suppose -69*s + 60*s + 36396 = 0. Let t = s - 2775. What is the highest common factor of t and 27